
-10600 (base 12) to base 6
-244000
What is 105003 (base 6) in base 8?
21233
What is 166455 (base 7) in base 12?
17483
What is 175 (base 9) in base 12?
105
Convert -2144 (base 11) to base 2.
-101100001111
What is 157 (base 8) in base 6?
303
Convert -238 (base 11) to base 4.
-10123
Convert 8a (base 16) to base 13.
a8
-a392 (base 16) to base 11
-29508
What is -26534 (base 8) in base 4?
-2311130
What is 419a (base 11) in base 14?
204a
-15cc (base 14) to base 10
-3904
What is -161aa (base 11) in base 16?
-5954
-7271 (base 8) to base 6
-25241
Convert 301301 (base 4) to base 15.
e25
-119 (base 10) to base 11
-a9
What is -122054 (base 7) in base 13?
-a220
4090 (base 12) to base 2
1101101101100
-1101010110001 (base 2) to base 8
-15261
-20882 (base 14) to base 9
-128627
Convert -53124 (base 6) to base 15.
-21da
216 (base 13) to base 7
1020
8438 (base 14) to base 12
1122a
Convert 4005 (base 6) to base 13.
51b
-1424 (base 7) to base 4
-20231
Convert -436 (base 14) to base 5.
-11312
-248 (base 11) to base 16
-126
What is 30384 (base 9) in base 11?
14034
12d2e (base 16) to base 5
4431402
Convert 461 (base 8) to base 10.
305
11003 (base 4) to base 10
323
What is -120012101 (base 3) in base 6?
-123144
Convert -16821 (base 13) to base 11.
-2a442
What is 412 (base 15) in base 3?
1020222
Convert 226 (base 11) to base 9.
330
Convert 8021 (base 15) to base 14.
9bcb
What is -11343 (base 7) in base 12?
-1836
105426 (base 7) to base 3
221201000
What is -11222211 (base 3) in base 5?
-104030
What is 122110 (base 5) in base 6?
33315
Convert -648 (base 10) to base 7.
-1614
Convert -222311 (base 4) to base 13.
-132b
1078 (base 13) to base 10
2296
-5255 (base 8) to base 13
-1323
Convert -531 (base 6) to base 10.
-199
-15210 (base 9) to base 7
-42153
Convert 1103234 (base 5) to base 10.
19194
What is 1442 (base 6) in base 11?
321
Convert 423321 (base 5) to base 15.
4326
-468 (base 10) to base 16
-1d4
-2315 (base 7) to base 9
-1138
-1260 (base 7) to base 11
-3aa
Convert 2516 (base 12) to base 3.
12202100
13ae (base 15) to base 4
1001312
1529 (base 14) to base 16
eb1
What is -3877 (base 10) in base 2?
-111100100101
-7668 (base 11) to base 9
-14781
11010010000 (base 2) to base 9
2266
-110110010 (base 2) to base 14
-230
What is 1333 (base 6) in base 7?
1002
What is 11001110001001 (base 2) in base 4?
3032021
What is 27858 (base 9) in base 3?
221221222
Convert 14067 (base 9) to base 11.
7191
21108 (base 12) to base 13
1696a
-1323413 (base 5) to base 16
-686d
What is -3411 (base 8) in base 15?
-801
-99fd (base 16) to base 6
-502301
13001231 (base 4) to base 10
28781
-715 (base 13) to base 4
-102301
Convert -a4 (base 13) to base 14.
-98
What is 9097 (base 10) in base 6?
110041
What is 30140 (base 9) in base 2?
100110101011000
Convert -110101111101 (base 2) to base 15.
-1053
Convert -10103011 (base 4) to base 14.
-65b7
-301 (base 10) to base 4
-10231
-21011011 (base 3) to base 4
-1101133
What is 3917 (base 12) in base 14?
2523
2005 (base 6) to base 10
437
Convert 219 (base 11) to base 12.
19a
-2212 (base 3) to base 14
-57
-2302 (base 6) to base 16
-21e
-112 (base 12) to base 6
-422
Convert 3997 (base 10) to base 16.
f9d
Convert 14436 (base 7) to base 15.
12b6
Convert 112716 (base 8) to base 13.
145c0
Convert -102021202 (base 3) to base 12.
-4918
What is -3315 (base 7) in base 9?
-1560
193e (base 15) to base 13
263c
What is -135002 (base 8) in base 13?
-1889c
What is -c691 (base 13) in base 3?
-1101201101
1728 (base 14) to base 5
113102
1dd (base 15) to base 13
274
Convert 2202 (base 7) to base 8.
1422
What is 2a836 (base 13) in base 16?
13a69
Convert 1010000 (base 4) to base 3.
12222012
What is -10110111100011 (base 2) in base 7?
-46151
What is -163421 (base 7) in base 3?
-1122111222
635 (base 7) to base 2
101000000
66540 (base 7) to base 9
24856
-6c (base 14) to base 10
-96
What is 64 (base 7) in base 2?
101110
261 (base 8) to base 5
1202
-22880 (base 14) to base 9
-137203
What is -1230 (base 6) in base 14?
-17c
Convert -21112110 (base 4) to base 14.
-dd52
Convert 19f (base 16) to base 11.
348
What is 127 (base 16) in base 2?
100100111
Convert -195 (base 13) to base 14.
-16b
What is -1d45 (base 16) in base 10?
-7493
-11544 (base 6) to base 4
-122320
What is 23120 (base 4) in base 2?
1011011000
-22261 (base 7) to base 9
-7644
What is -296b (base 16) in base 9?
-15481
10842 (base 11) to base 4
3310213
-38d6 (base 14) to base 10
-9988
-6968 (base 12) to base 16
-2de0
What is 10b (base 15) in base 14?
12c
What is 27e (base 16) in base 13?
3a1
10501 (base 12) to base 5
1141312
Convert 241 (base 13) to base 11.
326
What is 184 (base 13) in base 14?
15b
What is -142454 (base 7) in base 5?
-1333312
Convert 2214 (base 7) to base 9.
1073
What is 2b82 (base 13) in base 8?
14327
What is 180 (base 16) in base 2?
110000000
1a3 (base 13) to base 6
1222
Convert -3041 (base 10) to base 14.
-1173
Convert -10100000000100 (base 2) to base 7.
-41603
What is -3de (base 15) in base 8?
-1564
What is -457a (base 11) in base 8?
-13600
What is 28d2 (base 14) in base 13?
33ac
What is -2ce8 (base 15) in base 5?
-302133
-142 (base 7) to base 11
-72
-d06 (base 14) to base 2
-100111111010
What is 5025 (base 6) in base 10?
1097
What is 120cc (base 14) in base 11?
30137
What is 71473 (base 9) in base 4?
23133012
Convert -10100100100101 (base 2) to base 9.
-15403
What is -13343 (base 10) in base 14?
-4c11
-201120100 (base 3) to base 16
-37b9
Convert -727 (base 12) to base 10.
-1039
Convert 729 (base 14) to base 16.
581
-5330 (base 6) to base 16
-4b6
What is 1201200012 (base 3) in base 8?
102351
What is 12009 (base 12) in base 7?
130362
Convert 174 (base 10) to base 2.
10101110
309 (base 12) to base 14
237
What is -17583 (base 11) in base 10?
-24654
What is 1213012 (base 4) in base 13?
3007
Convert 180 (base 12) to base 7.
462
-a8c (base 14) to base 2
-100000100100
What is -1707 (base 8) in base 14?
-4d1
Convert -55521 (base 6) to base 10.
-7753
Convert 70406 (base 10) to base 4.
101030012
Convert 3043 (base 5) to base 8.
616
What is -10011111001 (base 2) in base 7?
-3466
-35 (base 7) to base 2
-11010
5544 (base 6) to base 4
110020
Convert 156b6 (base 12) to base 5.
1433003
35025 (base 7) to base 12
5209
-101001110 (base 2) to base 7
-655
Convert 2218 (base 13) to base 6.
34001
What is -1111011010 (base 2) in base 15?
-45b
What is 2030 (base 8) in base 3?
1102211
21452 (base 9) to base 8
33616
Convert -700 (base 8) to base 14.
-240
What is -10111111001111 (base 2) in base 9?
-17708
Convert 11643 (base 8) to base 16.
13a3
Convert -54255 (base 6) to base 7.
-30503
What is 1187 (base 16) in base 4?
1012013
111223 (base 4) to base 16
56b
Convert 879 (base 11) to base 12.
73a
What is 1813 (base 9) in base 5?
21024
344 (base 15) to base 11
612
291 (base 15) to base 16
24a
What is 20344 (base 5) in base 2?
10101000101
Convert -202101 (base 3) to base 10.
-550
Convert -4a55 (base 11) to base 15.
-1e49
What is -815 (base 15) in base 14?
-940
Convert -2531 (base 7) to base 11.
-797
Convert 2701c (base 13) to base 10.
72526
110101110011 (base 2) to base 3
11201112
-28c (base 14) to base 2
-1000000100
-34210 (base 6) to base 12
-2966
121221112 (base 3) to base 13
5813
Convert dc7 (base 14) to base 9.
3655
-1307 (base 10) to base 11
-a89
What is 663 (base 9) in base 12?
393
What is 36440 (base 7) in base 2?
10010100001101
-31403 (base 5) to base 4
-200313
Convert -620 (base 8) to base 5.
-3100
-4314 (base 5) to base 7
-1463
241c (base 13) to base 10
5095
What is -1131 (base 4) in base 6?
-233
5524 (base 9) to base 14
16ac
2144 (base 5) to base 13
1a0
What is -20221111 (base 3) in base 8?
-11706
1130 (base 6) to base 16
10e
Convert 13055 (base 6) to base 7.
5525
-1369 (base 15) to base 16
-1035
Convert -311231 (base 5) to base 12.
-5a93
-20111 (base 3) to base 4
-2233
What is -354114 (base 7) in base 3?
-10020121010
Convert -7272 (base 9) to base 15.
-18a5
What is b885 (base 15) in base 3?
1222120022
Convert -24226 (base 7) to base 14.
-2416
What is -113011 (base 6) in base 7?
-40234
53143 (base 9) to base 10
35112
What is 10000110001000 (base 2) in base 15?
2824
58a7 (base 12) to base 11
74a8
What is -a178 (base 11) in base 12?
-79a4
Convert -5166 (base 7) to base 10.
-1812
1011101111 (base 2) to base 13
45a
Convert -a7 (ba